 List the prime factors of h.
2, 37
Suppose 4 = -2*m - 2, 3*m = -2*c + 37. List the prime factors of (-8)/28 - c/(-7).
3
Let x = 1 - 4. Let q(p) = 15*p + 1. Let y be q(-1). Let l = x - y. List the prime factors of l.
11
Let d(c) = -c**3 - 7*c**2 + 6*c - 6. Let v be d(-8). What are the prime factors of ((-13)/2)/((-5)/v)?
13
Suppose -2*p + 74 - 28 = 0. Suppose -4*n = v + 49, 4*v - 38 = 3*n - n. Let h = n + p. List the prime factors of h.
2, 5
Let y(x) = -x**2 + 19*x + 19. What are the prime factors of y(19)?
19
Let f = 38 - 26. Let z = -8 - -10. Suppose z*b - f = 6. List the prime factors of b.
3
Let m = -311 + 441. List the prime factors of m.
2, 5, 13
Let u be (0 + 1)/((-5)/(-15)). Suppose -5*c - 32 = -4*z, 2*z - 5*c - 16 = -2*c. Suppose -u*j + 19 = -z. What are the prime factors of j?
3
Let v = 54 + 154. List the prime factors of v.
2, 13
Suppose -6 = 2*g - 4*g. Let l = g - 1. What are the prime factors of l?
2
Let d(n) = 212*n - 2. List the prime factors of d(1).
2, 3, 5, 7
Let i = 184 + 7. List the prime factors of i.
191
Let l(x) = x**3 - 6*x**2 - 3*x + 7. Let m be (-21)/2*(-22)/33. What are the prime factors of l(m)?
5, 7
Let c(f) = f - 11. Let o be c(6). Let h(t) = -t**2 - 4*t + 5. Let i be h(o). Suppose i = -2*r + 4 - 0. List the prime factors of r.
2
Suppose -8 = -2*d - x + 25, -4*d + 60 = 4*x. What are the prime factors of d?
2, 3
What are the prime factors of -4*(-678)/8 + 2?
11, 31
Let m(z) = -3*z**2 + 4*z**2 + 3*z + 2*z - 10 + 0*z. Let y be m(-10). Suppose -2*n + y + 0 = 0. List the prime factors of n.
2, 5
Suppose 0 = 3*y - 8*y. Suppose 5*k - 25 = -y*k. What are the prime factors of (1 + -2)/((-1)/k)?
5
Suppose 0 = 5*n + 2*k - 490, 2*k = 4*n - k - 415. List the prime factors of n.
2, 5
Let d = 565 - 379. What are the prime factors of d?
2, 3, 31
Let v = 11 - 16. List the prime factors of v*4/((-40)/26).
13
Let i(t) = -11*t + 7. Let j be i(-5). Let f = j - 42. Suppose -4*o + f = -2*o. What are the prime factors of o?
2, 5
What are the prime factors of (-6)/(2/2)*84/(-18)?
2, 7
Suppose -4*j + 388 - 56 = 0. Suppose 0 = 3*k + 20 - j. List the prime factors of k.
3, 7
Let f(v) be the second derivative of 23*v**4/12 - v**3/6 + v**2/2 - 7*v. List the prime factors of f(1).
23
Suppose -d - 2*f + 144 = 0, -d + 103 = -4*f - 53. What are the prime factors of d?
2, 37
Let u = -2 - -4. Let l(r) be the third derivative of r**4/6 - r**3/6 - 2*r**2. What are the prime factors of l(u)?
7
Let v(h) = -12*h - 3. What are the prime factors of v(-3)?
3, 11
What are the prime factors of ((-28)/8 + 3)*-6?
3
Let k = 31 - 0. List the prime factors of k.
31
Suppose 114 + 4 = 4*z + 2*r, z + 3*r = 42. List the prime factors of z.
3
Let n(w) = 10*w**3 + 34*w**2 + 30*w + 43. Let a(z) = 7*z**3 + 23*z**2 + 20*z + 29. Let d(l) = 7*a(l) - 5*n(l). List the prime factors of d(-8).
2
List the prime factors of 17*(-4 - -3 - -2).
17
Let r be 3/((0 - 0) + -1). Let p be 18/4 - 2/(-4). Let h = p + r. List the prime factors of h.
2
Let q(w) = -w**3 - w**2 + 4*w - 5. What are the prime factors of q(-4)?
3
Let u(f) = -f**3 + 6*f**2 - 3*f - 4. What are the prime factors of u(4)?
2
Let y(b) = -b**2 + 7*b + 2. Let v(a) = a**2 - 2*a + 4. Let k be v(3). Let s be y(k). Suppose 0 = -2*n - s*n + 36. What are the prime factors of n?
3
Suppose 47 + 18 = 5*i. What are the prime factors of i?
13
Suppose 146 + 1625 = 7*a. List the prime factors of a.
11, 23
Let p = -22 + 37. Suppose -5*z + 25 = -p. What are the prime factors of z?
2
What are the prime factors of 2 - 5 - (-26 - 1)?
2, 3
Let p be 1 + (-2 - 0) - -41. Suppose -d - 136 = -3*x, 4*x - p = 3*x - 5*d. Suppose 2*i + 25 = 3*y, 9*y - 5*i = 4*y + x. List the prime factors of y.
7
Suppose 4*r + 7 = 47. Let x be r/(-6) + (-3)/9. List the prime factors of (x/4)/(6/(-84)).
7
Let d = -164 - -294. List the prime factors of d.
2, 5, 13
Let h be -2*1 - (-3 + 1). Suppose 2*y + 3*y = h. Suppose y = l - 3. What are the prime factors of l?
3
Let j(s) = 4*s - 9. Let f be j(7). Let q = 0 + f. List the prime factors of q.
19
Suppose -3*j + 75 = -4*k - 37, -4*k + 32 = j. What are the prime factors of j?
2, 3
Let g(q) = -q**3 - 28*q**2 - 7*q + 2. List the prime factors of g(-28).
2, 3, 11
Let h be (6 + -1)*1 + -1. Suppose -2*d - 104 = -h*b, 4*d = 3*b - 128 + 50. List the prime factors of b.
2, 13
Let v = 143 + -39. What are the prime factors of v?
2, 13
Let o be 3/5 + (-52)/20. Let t be (0/3 - o) + 0. Suppose 0 = -t*h + 25 - 1. What are the prime factors of h?
2, 3
Suppose 7*c = 2*c + 10. Suppose -c*p - 1 = -3. What are the prime factors of 2 - 2 - (-2)/p?
2
Let d = -96 + 179. List the prime factors of d.
83
Suppose 0 = 2*o - 134 - 16. List the prime factors of o.
3, 5
Suppose 4*w = 3*u - 16, 4*u + 0*u + 3*w = 13. What are the prime factors of 4*u - 3/3?
3, 5
Suppose 2 = -3*h + 11. Let f(n) = -1 + n**h + 3*n - 2*n**2 - n + n. List the prime factors of f(2).
5
Suppose -8*q = -2*k - 3*q + 201, q + 189 = 2*k. What are the prime factors of k?
3, 31
Let p = 12 - 12. Suppose 0*v + 2*v - 2*d - 38 = p, -5*d = v - 43. What are the prime factors of v?
23
Let o(k) = 41*k - 3. List the prime factors of o(6).
3
Suppose -21 = -g - 10. Let k be 2/(1 + (-12)/g). Let z = 37 + k. What are the prime factors of z?
3, 5
Suppose -118 + 408 = 5*o. List the prime factors of o/2 + 1 - 4.
2, 13
Suppose -4*p = -3*k + 1, -p = k + 3*p - 11. Suppose n + 4*w = -4, 2*w = -k + 1. What are the prime factors of n + (6*3)/3?
2, 3
Let n be (-1)/(2/3)*-6. Suppose -2*m = -m + 4*j - 6, 0 = j. Let b = n - m. List the prime factors of b.
3
Let v(c) = c - c + 4 - c**2 + c**3 - 5*c**2. List the prime factors of v(6).
2
Suppose 0 = -b + 49. What are the prime factors of b?
7
Suppose -7*g + 132 = -3*g. List the prime factors of g.
3, 11
Let x be (-2)/(-5) - 4/10. Suppose x*j + 3*j = -5*i + 49, j = 2*i + 9. List the prime factors of j.
13
Suppose -547 = -2*x - 147. List the prime factors of x.
2, 5
Let y(r) = -35*r**3 - r**2 + r + 2. What are the prime factors of y(-1)?
5, 7
Let f = 12 + -14. Let d = f - -19. List the prime factors of d.
17
Suppose -96*g = -98*g + 464. List the prime factors of g.
2, 29
Let f(a) = 4*a - 10. What are the prime factors of f(8)?
2, 11
Suppose -685 = 8*y - 13*y. What are the prime factors of y?
137
Let x(d) = -d. Let h be x(-3). Suppose -3*f - 5*r + 69 = 0, 3*r + r = -h*f + 66. List the prime factors of f.
2, 3
Let p = -133 - -84. Let g = -31 - p. List the prime factors of g.
2, 3
Suppose 3*q = -0*q + 6. Suppose 7*x - 4*x - 46 = f, 0 = q*x + 4*f - 12. List the prime factors of x.
2, 7
Let y(f) = 33*f**2 + 1. What are the prime factors of y(1)?
2, 17
Let m be (0 + -2 + 1)*-2. Suppose -4*p + 15 = 5*y, m*y - 6 = -0*y - p. Suppose 5*w - 3*s + 2*s - 13 = 0, y*s + 3 = 3*w. What are the prime factors of w?
3
What are the prime factors of (7/(-2))/((-6)/9)*56?
2, 3, 7
Let d(v) = 14*v + 6. Let t be d(5). Suppose t = 3*j + j. List the prime factors of j.
19
Let y = 5 + -12. Let f(m) = -m**3 - 7*m**2 - 2*m - 5. What are the prime factors of f(y)?
3
Let u = 5 - 1. Suppose 3 + 2 = -5*r. Let y = r + u. What are the prime factors of y?
3
Let l(z) = -z**2 + 13*z - 9. Let o be l(12). Suppose -o*r + 4 = 1. Suppose -7 = -2*a + r. What are the prime factors of a?
2
Let a(f) = 22*f - 32. What are the prime factors of a(16)?
2, 5
Suppose 0 = 3*l - 4*l + 40. What are the prime factors of l?
2, 5
Suppose -2*v - 5*f + 57 = 2*v, -7 = v - 3*f. What are the prime factors of v?
2
Let i(x) = x**3 + 8*x**2 + 6*x - 1. Let u be -1*(-3)/3 - 8. What are the prime factors of i(u)?
2, 3
List the prime factors of (-2)/(-9) - 3124/(-36).
3, 29
List the prime factors of 928/22 + (-13)/(143/2).
2, 3, 7
Suppose -2*d + 2 = -2, 3*d + 2 = 4*b. Suppose -r + 15 = 3*f - b, -3*r = 3*f - 45. List the prime factors of r.
2, 7
Suppose 0 = 6*t - 102 - 42. List the prime factors of t.
2, 3
Suppose -2 - 5 = -x + 5*b, -7 = -2*x + 3*b. Suppose 0 = x*m + 4 + 2. List the prime factors of (6/(-1))/m + 2.
2
Let t = -1 + 7. Let k(o) = 20*o**2 - 15*o + 32. Let y(h) = 7*h**2 - 5*h + 11. Let r(u) = 6*k(u) - 17*y(u). What are the prime factors of r(t)?
11
Let x(o) = o - 1. Let u(v) = 17*v + 2. Let i(p) = u(p) + 3*x(p). What are the prime factors of i(2)?
3, 13
Let c be (0 - 1)/((-2)/54). Suppose 9 = 3*w, 2*w + c = 3*i + 3*w. S